ime number?
False
Is 10358473 composite?
True
Is 241703849 a composite number?
True
Is 796501 prime?
False
Is 297915217 prime?
False
Is 168179383 a prime number?
True
Is 3093239 composite?
True
Is 347557673 composite?
True
Is 390780889 a prime number?
False
Is 20220895 prime?
False
Is 212192789 a prime number?
False
Is 8657945 prime?
False
Is 778433 a composite number?
True
Is 198409111 prime?
True
Is 11386439 a composite number?
True
Is 6846557 composite?
True
Is 21096573 a composite number?
True
Is 2645827 a composite number?
False
Is 7418909 a composite number?
True
Is 52994649 composite?
True
Is 25364173 a prime number?
True
Is 1601597 a composite number?
True
Is 5095427 a composite number?
True
Is 264302543 a composite number?
False
Is 8865179 composite?
False
Is 33282751 a prime number?
False
Is 184804259 composite?
False
Is 61304147 prime?
False
Is 47925959 a composite number?
False
Is 298824133 a composite number?
False
Is 20835857 prime?
False
Is 86588063 prime?
True
Is 1781414 a prime number?
False
Is 5346317 prime?
True
Is 2080369 prime?
False
Is 39745061 prime?
False
Is 27543793 prime?
False
Is 42274261 a prime number?
True
Is 17375065 prime?
False
Is 2402353 a composite number?
False
Is 5846591 prime?
True
Is 234385 a prime number?
False
Is 3518827 a prime number?
False
Is 1487405 composite?
True
Is 9822745 a composite number?
True
Is 7641181 a composite number?
True
Is 2921393 composite?
True
Is 8804611 composite?
False
Is 223991719 prime?
False
Is 28271069 prime?
False
Is 4769251 composite?
True
Is 2402789 composite?
False
Is 26142241 prime?
True
Is 1050391 a prime number?
True
Is 126030589 prime?
False
Is 8686555 a composite number?
True
Is 1007219 composite?
True
Is 16617617 prime?
True
Is 32345549 a prime number?
True
Is 112780861 composite?
True
Is 9474365 a prime number?
False
Is 8578007 prime?
False
Is 106244587 prime?
True
Is 657137389 prime?
True
Is 2487039 composite?
True
Is 10540597 composite?
True
Is 8069827 composite?
True
Is 20742763 prime?
True
Is 86194439 a composite number?
True
Is 11704549 composite?
False
Is 3087403 a prime number?
False
Is 52116889 a prime number?
False
Is 103481407 a composite number?
False
Is 178702591 composite?
True
Is 29037703 composite?
True
Is 6877307 composite?
False
Is 77535581 a composite number?
False
Is 129666223 a composite number?
True
Is 28691997 composite?
True
Is 1605311 a composite number?
True
Is 13708157 prime?
False
Is 274349 a composite number?
False
Is 13492823 prime?
False
Is 1469209 prime?
False
Is 643619 prime?
True
Is 146466833 a composite number?
False
Is 744672821 prime?
False
Is 524821 prime?
False
Is 15816533 a composite number?
False
Is 129553 a composite number?
False
Is 109021931 composite?
True
Is 6489271 a prime number?
True
Is 65937887 a composite number?
False
Is 90321923 a prime number?
True
Is 469189849 a prime number?
False
Is 211221107 a composite number?
True
Is 207183 prime?
False
Is 22743827 prime?
False
Is 11835319 prime?
True
Is 1497271 a prime number?
True
Is 9037261 prime?
False
Is 1367063 prime?
False
Is 14364241 prime?
True
Is 28262665 a composite number?
True
Is 5244619 a prime number?
False
Is 1166941 composite?
True
Is 359012401 composite?
True
Is 853374659 a prime number?
True
Is 8699653 prime?
False
Is 21394889 a composite number?
False
Is 18252391 a prime number?
True
Is 8132753 a composite number?
True
Is 1121441 a prime number?
False
Is 150743 a prime number?
True
Is 101326283 a composite number?
False
Is 4309057 a prime number?
False
Is 129723751 prime?
False
Is 13532033 a composite number?
True
Is 10096882 a prime number?
False
Is 256849661 a prime number?
True
Is 34510243 a prime number?
True
Is 853574 a composite number?
True
Is 328176287 composite?
False
Is 22236481 a prime number?
True
Is 1348657 composite?
True
Is 61388573 composite?
False
Is 201397829 composite?
False
Is 94497133 a composite number?
True
Is 3928481 a prime number?
False
Is 46905173 prime?
False
Is 172378061 composite?
False
Is 120328997 a composite number?
False
Is 140294849 a composite number?
True
Is 43519081 a composite number?
True
Is 399593081 composite?
True
Is 97098731 prime?
True
Is 615280739 a prime number?
True
Is 320191 composite?
True
Is 12547063 composite?
True
Is 27430079 composite?
False
Is 166981607 a prime number?
False
Is 67378453 a prime number?
False
Is 28478413 a prime number?
True
Is 1961513 prime?
True
Is 1613831 prime?
True
Is 208037 prime?
True
Is 91504093 prime?
False
Is 70048571 a composite number?
False
Is 1274777857 a composite number?
False
Is 3320123 a composite number?
True
Is 10626493 composite?
True
Is 27706255 prime?
False
Is 170675573 a prime number?
True
Is 590627 prime?
True
Is 744657377 a composite number?
True
Is 1360049 prime?
True
Is 188576237 a composite number?
False
Is 3808549 prime?
True
Is 5508589 prime?
True
Is 682579 a composite number?
True
Is 117963821 prime?
True
Is 31973047 a composite number?
True
Is 4533853 prime?
True
Is 2708723 prime?
False
Is 4157357 a composite number?
True
Is 1091969 a prime number?
False
Is 15546659 a composite number?
False
Is 987887 a prime number?
False
Is 59306549 a prime number?
False
Is 39785611 a prime number?
True
Is 1077774883 composite?
True
Is 91541209 a composite number?
True
Is 4284941 a composite number?
False
Is 89087291 prime?
True
Is 1224503 composite?
True
Is 1003267 composite?
True
Is 109012859 a composite number?
False
Is 923687 prime?
True
Is 128044541 prime?
False
Is 25344101 composite?
False
Is 17250179 a prime number?
True
Is 3511951 composite?
False
Is 114827 a composite number?
False
Is 10004389 composite?
True
Is 11283067 prime?
True
Is 3118421 a composite number?
True
Is 5591269 a composite number?
False
Is 11507641 a composite number?
False
Is 93206461 a prime number?
False
Is 140156629 prime?
False
Is 21388513 a composite number?
True
Is 64595807 a prime number?
True
Is 5624911 composite?
False
Is 3491569 a composite number?
False
Is 33355797 a prime number?
False
Is 196465 prime?
False
Is 1252715 a composite number?
True
Is 39714079 prime?
False
Is 482227 a prime number?
True
Is 12153971 prime?
True
Is 7790669 composite?
False
Is 4084283 a prime number?
False
Is 73055609 a composite number?
True
Is 120459509 prime?
True
Is 108944915 composite?
True
Is 15477269 prime?
True
Is 21437557 a composite number?
True
Is 9070933 a prime number?
True
Is 12828649 a composite number?
False
Is 2024767 a prime number?
True
Is 2897579 prime?
True
Is 28627133 composite?
True
Is 198851 composite?
False
Is 17929705 prime?
False
Is 247243361 composite?
True
Is 6283337 composite?
False
Is 5499643 composite?
True
Is 75237667 a prime number?
True
Is 7421053 a composite number?
True
Is 99565117 composite?
False
Is 14291593 a composite number?
False
Is 549379 prime?
True
Is 76321307 a prime number?
True
Is 351405487 prime?
False
Is 338893 a prime number?
True
Is 50890843 prime?
False
Is 7329653 composite?
False
Is 428941759 a prime number?
False
Is 1325189 a prime number?
False
Is 17546183 a composite number?
False
Is 4937813 a composite number?
False
Is 14580017 a prime number?
True
Is 12075671 composite?
False
Is 74002757 a prime number?
True
Is 22503317 a prime number?
True
Is 20758769 composite?
True
Is 15867127 composite?
False
Is 1416341 a prime number?
True
Is 12047501 composite?
True
Is 6559471 composite?
True
Is 71023307 composite?
False
Is 283621 composite?
True
Is 140693453 a prime number?
True
Is 165576767 a prime number?
True
Is 968149613 a prime number?
True
Is 5566839 a composite number?
True
Is 13884245 a composite number?
True
Is 10933961 a prime number?
True
Is 12970469 composite?
False
Is 3029047 a composite number?
True
Is 24471299 composite?
False
Is 10508081 a composite number?
False
Is 32104433 prime?
False
Is 341993 prime?
True
Is 126140243 a composite number?
False
Is 15610067 composite?
True
Is 22425947 a prime number?
False
Is 85318403 prime?
False
Is 3112519 prime?
True
Is 38768833 composite?
False
Is 5891441 a prime number?
False
Is 11963101 a composite number?
False
Is 21088057 a composite number?
False
Is 881351 a composite number?
False
Is 44040463 composite?
False
Is 14746139 a prime number?
True
Is 4942771 a prime number?
True
Is 1471937 a 